
19
Suppose -x = 5*w - 5*x - 53, x = -w + 16. Suppose 0 = -301*s + 299*s - 14, f + 2*s = -2*f + 520. Calculate the remainder when f is divided by w.
9
Let a = -25 - -32. Let x = 134 + -17. What is the remainder when x is divided by a?
5
Let l = 3743 - 3713. Calculate the remainder when 988 is divided by l.
28
Let i be 784/(-343)*(-6 - 1). Suppose -3*l + 10 = 2*j, -4*l = -3*j + 1 - 3. What is the remainder when 63 is divided by (i*(-4 + j))/(-2)?
15
Let p = 155 - 138. Suppose -v + 0*k - 2*k = -11, v - p = 4*k. What is the remainder when 24 is divided by v?
11
Let p(x) = 453*x - 452*x - 1 + 14. Calculate the remainder when 50 is divided by p(19).
18
Let o be (12*-1)/(1/(-43)). Let q(s) = -2*s**2 + 14*s + 35. Let d be q(8). Suppose 7*u - d*u = -o. Calculate the remainder when 124 is divided by u.
38
What is the remainder when 43/(1*-2 - -3) is divided by 11/((-847)/(-42)) + (-7602)/(-462)?
9
Let i = 7 - -3. Suppose -6*x - 2*w - 10 = -5*x, -w = 4*x + 47. What is the remainder when (-573)/x + 9/36 is divided by i?
8
Let o be (-9 - (-4 + -6)) + 3*1. Suppose 5*z + 3*c = 3*z + 93, 0 = o*c + 4. Calculate the remainder when z is divided by 28.
20
Suppose 30 + 60 = -6*q. What is the remainder when 29 is divided by ((-66)/15)/(6/q)?
7
What is the remainder when 223 is divided by 2 + -1 - 10150/(-290)?
7
Suppose -4717 + 1175 = -4*s - 2*b, -3*s - 2*b = -2655. Let m = 913 - s. What is the remainder when m is divided by 20?
6
Let m(v) = -v**3 - 24*v**2 - 23*v - 12. Let o be m(-23). Let y(u) = 2*u**2 + 19*u + 31. What is the remainder when y(o) is divided by 49?
42
Let l = 9929 - 9880. Let i be (-8)/(-12) + (-10)/(-3). Suppose i*g - 26 = -2*n, -13 = 3*n - 4*n + 5*g. What is the remainder when l is divided by n?
10
Let l = 98 + -28. Let z be (26/(-3))/(47/(-3525)). Let k = z + -632. Calculate the remainder when l is divided by k.
16
Suppose -4*g = -2*b + 508, -b - 4*g - 5 = -265. Calculate the remainder when 557 is divided by b.
45
Let d = 2298 - 2265. What is the remainder when 64 is divided by d?
31
Let w be 2 - 4/(4/(-3)). Suppose 3*v - 5*g = 12 - 3, 5*v + w*g - 15 = 0. Let k = -1311 - -1320. Calculate the remainder when k is divided by v.
0
Let y(u) = -u**2 + 23*u + 175. Let w be y(28). Let r(j) = -j**2 - 4*j. Let l be r(-2). Calculate the remainder when (w/30)/(l/24) is divided by 5.
2
Let q(y) = y**2 + 43*y - 321. Calculate the remainder when 67 is divided by q(-50).
9
Let v = -12 - -21. Let h = -4136 - -4180. What is the remainder when h is divided by v?
8
Suppose -o - 122 = -3*r, 118 = 3*r - 12*o + 10*o. What is the remainder when 5794 is divided by r?
40
Let b = -532 - -541. What is the remainder when 58 is divided by b?
4
Let t(v) = 3*v - 103. Let u be t(33). Calculate the remainder when (47/2)/(3/6) is divided by (-103)/u - (-18)/(-24).
22
Suppose -2926 - 1301 = -150*a + 573. Let j(v) = v**3 + v**2 + v + 108. What is the remainder when j(0) is divided by a?
12
Suppose 3*s = -2*s + 15. Suppose -s*q - n = -41, 4*q - 18 - 30 = 2*n. Suppose 5*z + 65 - 663 = -21*z. What is the remainder when z is divided by q?
10
Let s = 19922 + -19526. Calculate the remainder when 801 is divided by s.
9
Suppose 3837 - 4357 = -5*r. What is the remainder when r is divided by 12?
8
Let m(c) = -c**3 + 37*c**2 + 7*c - 129. Calculate the remainder when 142 is divided by m(37).
12
Let h = 351 - 346. Let j = 12 + -8. Calculate the remainder when 77 is divided by (j/h)/(7/140).
13
Let w = 23279 - 23085. What is the remainder when w is divided by 76?
42
Let f = -18 + 18. Suppose 0 = 4*u - 7*u + 27. Suppose f = 5*y - 21 + 1, -y = b - u. Calculate the remainder when 48 is divided by b.
3
Suppose -2699 = -88*p + 700 + 1265. What is the remainder when 897 is divided by p?
49
Let h(j) = -2*j**3 + 6*j**2 + 11*j - 10. Let u be h(4). Suppose 0 = u*i - t - 8, 4*t + 21 = -5*i + 41. Calculate the remainder when 17 is divided by i.
1
Let h be 4/((3*6/(-2403))/(-1)). Let i = h + -461. Calculate the remainder when i is divided by 26.
21
Let z(t) = -t**2 + 15*t - 12. Let n be z(12). Suppose 3*l - 37 + 1 = 0. Calculate the remainder when n + ((-9)/3)/(1 + 0) is divided by l.
9
Let p(g) = g**2 - 5*g - 38. Suppose 2*j = 4*q + 23 + 17, 0 = 5*q. Let s(d) = -d + 15. Let x be s(j). Calculate the remainder when 45 is divided by p(x).
9
Suppose -4*b = 3*o - 33, -5*b - 2*o + 75 = -5*o. Let i = b + 17. What is the remainder when 111 is divided by i?
24
Let d = -557 + 634. What is the remainder when 435 is divided by d?
50
Suppose -5*m - 4*d = -1873, -4*d = m - 27 - 338. Calculate the remainder when m is divided by 19.
16
Let j(p) = 3*p**2 + 22*p - 151. What is the remainder when 3474 is divided by j(9)?
284
Let s = -12076 + 12111. Calculate the remainder when 9379 is divided by s.
34
Let c(u) = -u**3 + 12*u + 7*u + 22*u + 12*u**2 - 127. What is the remainder when 436 is divided by c(14)?
51
Let w be (0 - 0)*1 + 288. Suppose -3*y - 3*t = -w, 0 = 2*y + y - 3*t - 276. Suppose 0 = -0*d + 14*d - 266. What is the remainder when y is divided by d?
18
Calculate the remainder when 190 is divided by (-2)/(-68) + 1213095/6630.
7
Let o(c) = -c**3 + 44*c**2 - 88*c - 403. What is the remainder when o(36) is divided by 80?
77
Suppose -k = 3*a - 5*a + 520, -3*a + 2572 = -5*k. Calculate the remainder when (-4)/((k/(-20))/(-8) + 3) is divided by 4.
0
Let b(h) = h**2 + 22*h + 24. Let v be b(-21). Suppose v*f - 51 + 6 = 0. Let m = f + 0. Calculate the remainder when 117 is divided by m.
12
Suppose -20*z - 12 = -24*z. Suppose z*m + 2 - 26 = 0. What is the remainder when ((-118)/m)/((-5)/20 + 0) is divided by 20?
19
Suppose 0 = -3*y - 1 - 5. Let f = 808 - 807. Calculate the remainder when 34 is divided by f/y - (-5)/(-6)*-15.
10
Suppose -4*y + 18*y - 1750 = 0. Suppose 3*u - y = -86. Calculate the remainder when 50 is divided by u.
11
Suppose -162*r = -12*r + 113*r - 11835. Calculate the remainder when 46 is divided by r.
1
Suppose 4*z + 8 = 0, -5*g + 0*z + z = 38. Suppose -105 = -0*l - 5*l. What is the remainder when l is divided by 169/26 - (-4)/g?
3
Let h(m) = -19*m - 9. What is the remainder when h(-8) is divided by 1947/44 - 9 - -2*(-3)/(-8)?
35
Let x = -4250 + 4448. What is the remainder when x is divided by 108?
90
Let b = -195 - -234. Let g be (10 - 2)*(-5)/(-4). Suppose -7*s - 33 = -g*s. What is the remainder when b is divided by s?
6
Suppose 41*w - 20*w - 922 + 208 = 0. Suppose 95 - 380 = -3*f. What is the remainder when f is divided by w?
27
What is the remainder when 613 is divided by (49*(-1 - -3) - 5)*14/14?
55
Let i(n) = -n**2 - 62*n + 1466. What is the remainder when 800 is divided by i(18)?
20
Let b(s) = s**3 - 6*s**2 - 7*s. Let x be 4 + (-3)/3 + 2/1. Suppose 2*y - 64 = -4*q, -x = -3*y + 1. Calculate the remainder when b(8) is divided by q.
12
Suppose 3*k - 52 = 4*q, 0*k = 4*k - q - 52. Let d = 60 + k. Let h(v) = -v**3 + 6*v**2 - 3*v - 5. What is the remainder when d is divided by h(4)?
12
Let s = 9784 - 9095. Calculate the remainder when s is divided by 11.
7
Let v = 6016 + -5695. What is the remainder when v is divided by 23?
22
Let a(q) = 2*q**2 + q - 11. Suppose 3 = 18*m - 17*m. Calculate the remainder when 108 is divided by a(m).
8
Let l(f) = -f**3 - 17*f**2 - 24*f - 131. Let q be l(-16). What is the remainder when ((-345)/(-20))/(q + 292/96) is divided by 83?
82
Suppose 39022 = 20*r + 10542. Calculate the remainder when r is divided by 19.
18
Let o = 213 + -198. Let i be 4 - 2/(-2 + 4). Calculate the remainder when 1/4 + (1593/4)/i is divided by o.
13
Let s(a) be the second derivative of -a**4/12 + 3*a**3 - 13*a**2 + 4*a - 16. Calculate the remainder when 110 is divided by s(15).
15
Calculate the remainder when 4306 - (-3 + 2 - (-2 - -5)) is divided by 56.
54
Let o be (-336)/28*(-19)/2. Suppose 5*s = 3*r - 380, 2*s - 737 + o = -5*r. Calculate the remainder when r is divided by 18.
17
Let r = 1060 - 354. What is the remainder when 2836 is divided by r?
12
Suppose 5*x + 4 + 71 = 0. Let v(q) = q**2 + 10*q - 43. Suppose r = -1, 5*r - 17 = 4*k - 70. What is the remainder when v(x) is divided by k?
8
Let j(g) = -42*g**3 + g + 1. Suppose 0 = -5*f - 3*b - 2*b - 2260, -3*b + 2260 = -5*f. Let l = f - -467. Calculate the remainder when j(-1) is divided by l.
12
Let o(t) = t**3 + 12*t**2 - 28*t + 2. Let p be o(-1